+ 20 = 2*l. Let j(q) = 2*q - 16. Give j(v).
-6
Let o(c) = -3*c**3 - 2*c**2 - 2*c + 9. Let f(y) = 11*y**3 + 5*y**2 + 7*y - 29. Let w(j) = -2*f(j) - 7*o(j). Give w(3).
4
Let k(c) = 23*c + 251 - c**2 - 124 - 95. Determine k(24).
8
Let d(p) = p**3 - 3*p**2 - 6*p + 6. Let u be (0*(-2)/(-2))/(-2). Let i(x) = x + 3. Let t be i(u). Suppose 0*z = -t*z + 12. Determine d(z).
-2
Let j(o) = -4*o + 5. Suppose -3*d - 22 = -0*d + 5*x, -d = -x - 6. Let q(c) = 4*c. Let k be q(d). Give j(k).
-11
Let f(m) = m**3 + 23*m**2 + 47*m + 96. Let o be f(-21). Let h(x) = x**3 + 10*x**2 + 6*x - 22. Calculate h(o).
5
Let x(b) be the third derivative of -7*b**4/24 + 2*b**3/3 - 33*b**2 - 2*b. Let i(n) = 3*n - 15. Let l be i(6). Calculate x(l).
-17
Let t(a) = -4*a**2 - 7*a. Let j(y) = -y**2 - y - 1. Let u(n) = 3*j(n) - t(n). Suppose 8*r + 16 = 12*r. Suppose -r*d = 19 + 5. What is u(d)?
9
Let l(b) = -b + 6. Let v(u) = 6*u - 167. Let q be v(27). Calculate l(q).
11
Let i(a) = 9*a + 1. Let k = -8 - -9. Let z be 0 - (-4 + 2/k). Calculate i(z).
19
Let w(z) = -z + 1. Let q(y) = -y - 9. Let a(j) = j + 5. Let g(r) = -10*a(r) - 6*q(r). Let i(l) = -g(l) + 3*w(l). Calculate i(-2).
-3
Let b(f) = f**2 + 9. Suppose -4 - 1 = 5*s. Let x be s/(-3) + 3/(-9). Calculate b(x).
9
Let l(n) = -n**2 + 7*n + 2. Suppose 14 + 11 = 5*i, a - 2*i + 7 = 0. Let q(w) = 4*w + 20. Let r be q(-4). Suppose -a*m = -r*m + 6. Calculate l(m).
8
Suppose w + 5*v + 0 = 69, 5*w - v = 371. Let x = -67 + w. Let u(h) = -h**3 + 6*h**2 + 7*h + 5. Determine u(x).
5
Let m(q) be the first derivative of q**3/6 + 42*q - 9. Let i(r) be the first derivative of m(r). Suppose 5 = -g - 5*d + 13, g - 3*d = -8. Determine i(g).
-2
Let i = 818 - 821. Let q(g) = -4*g + 3. Calculate q(i).
15
Let x(w) be the second derivative of -w**6/720 + w**5/12 - w**4/4 + w. Let u(p) be the third derivative of x(p). Give u(0).
10
Suppose 4*k + 12 = -2*y, -y = 5*k + 3*y + 12. Let o be -6*k*(-3)/(-6). Let f(j) = -j + 9. Determine f(o).
-3
Let f(s) be the first derivative of -s**3/3 - s**2/2 - 1. Suppose 4*y - 3*h = -2*h + 102, y + 4*h - 34 = 0. Let z be y/13*2/4. What is f(z)?
-2
Let h(u) = 7*u**3 + 10*u**3 - 10 + u + u**2 - 18*u**3. Let o(z) = 1. Let c(k) = h(k) - 3*o(k). Determine c(0).
-13
Let a(m) = -2*m + 15*m**2 + 25*m**3 - 12*m**3 - 16*m**2 - 1. Let i = 0 - -1. Suppose i + 1 = -2*g. Determine a(g).
-13
Let j(h) = -h + 7. Suppose i = 4*t - 4, 3*i + 10*t = 6*t + 4. Give j(i).
7
Suppose 3*i - 31 = -i - 3*m, 0 = -5*i - 4*m + 40. Let r(g) = 0*g - 3*g + 4*g + 7 - i. Determine r(-3).
0
Let h(u) = u + 11. Let r(o) = -3*o + 13. Let q = -153 + 160. Let w be r(q). Give h(w).
3
Let a(w) = w**3 - 6*w**2 + 11*w. Let l = 103 - 99. Let p(v) = 13*v - 6*v**2 + v**3 + 2*v - 5*v. Let u(k) = l*a(k) - 5*p(k). Give u(5).
-5
Suppose 4 = -2*k + 3*b + 13, 0 = k + 3*b. Let p(i) = 2*i**2 - 10*i + 9. Let y(d) = -d + 1. Let o(n) = p(n) - 6*y(n). Give o(k).
9
Let l(d) = 13*d + 5. Let v(b) = 65*b - 3. Let m be v(0). Determine l(m).
-34
Let t(m) = -m**2 + 3 - 6*m + 4*m**2 - 3*m. Let k(s) = -2*s**2 + 5*s - 2. Suppose p + 14 = -p. Let a(n) = p*k(n) - 4*t(n). Determine a(-2).
8
Let r(l) be the third derivative of 0 - 4*l**2 + 0*l**3 + 0*l + 7/8*l**4. Give r(1).
21
Let v(f) = -3*f**2 - 1. Let l be ((-198)/(-21) - 9)*7. Calculate v(l).
-28
Let v(z) = 23 + 7*z - z - 7*z. Let r be v(29). Let u(m) = m**3 + 6*m**2 - 5*m. Determine u(r).
30
Let q(j) = -6*j**3 + 13 + 5*j**3 - 8*j**2 + 9*j**2. Determine q(0).
13
Let s(h) = 306*h - 50 - 565*h - h**2 + 275*h. What is s(11)?
5
Let c be (-12)/30*(-60)/144. Let r(n) be the third derivative of -1/120*n**6 - 1/20*n**5 + 0*n + c*n**4 - 5/6*n**3 + 0 - 10*n**2. Calculate r(-4).
-5
Let r = -7 - -10. Let z(q) = q**3 - 2*q**3 - 2 - 6*q**2 + 2*q + 0 + r. Calculate z(-6).
-11
Let f(r) = -24*r**2 + r. Let t = -244 + 245. Determine f(t).
-23
Let u(m) = 4*m + 26. Suppose -88 = 157*c - 146*c. Calculate u(c).
-6
Suppose 0 = -k + 5*n + 12, -2*n = -k + 3 + 3. Let p(x) = -x**2 - k*x**3 + 3*x**3 + 2*x**2 + 2*x. Suppose 7*w + y = 6*w + 1, 4*w - 3*y = 11. Calculate p(w).
16
Let f(w) be the second derivative of w**4/12 + w**3 - 9*w**2/2 + 517*w. Determine f(-6).
-9
Suppose 59*m - 122*m = 0. Let p(x) = x - 4. What is p(m)?
-4
Let w = 547/5700 - 6/475. Let t(x) be the third derivative of 0 + 3/2*x**3 - x**2 - w*x**4 + 0*x. Determine t(7).
-5
Let p = 1 + 1. Suppose -7*j + 40 = -p*j. Let g(h) = -h + 8. Give g(j).
0
Let p(v) = v**3 + 9*v**2 - v + 5. Let b(t) = 2*t**3 + 17*t**2 - 2*t + 9. Let y(a) = -6*b(a) + 11*p(a). Let u = 12 - 8. Suppose h - 1 = -u. What is y(h)?
-2
Let v(x) = -5*x**3 + 37*x**2 + 6*x - 30. Let z(p) = -9*p**3 + 69*p**2 + 11*p - 59. Let a(h) = -7*v(h) + 4*z(h). Give a(17).
8
Let a(p) = -482 + 239 - 8*p + 241. Give a(-3).
22
Let l(v) be the first derivative of -v**3/3 + 6*v**2 + 47*v + 193. Determine l(15).
2
Let q(x) = -11*x**2 - 2*x - 10. Let o(a) = -5*a**2 - a - 4. Let s(p) = -5*o(p) + 2*q(p). Calculate s(-1).
2
Let d(t) = -t**3 + 2*t**2 - 2*t + 3. Let g = -73 - -23. Let n = -47 - g. Determine d(n).
-12
Let o(v) be the second derivative of v**5/20 + 11*v**4/6 - 4*v**3 - 25*v**2/2 - 2*v - 6. Give o(-23).
-2
Let k(t) = -t - 2. Let s(d) = -d - 1. Let o(c) = -c**2 + 19*c + 6. Let g(j) = -o(j) - 4*s(j). Let b be g(15). Give k(b).
0
Suppose 26*g = -62*g + 176. Suppose -2*u = 4*w - 0*w - 14, -5*w = 3*u - 20. Let h(a) = -2*a**2 + 2. Let i(f) = -1. Let s(q) = w*h(q) + 3*i(q). What is s(g)?
-9
Suppose 0*y + 4*y - 12*y = 0. Let i(v) = v**2 - v + 11. What is i(y)?
11
Suppose -5*k = 6*k - 6*k. Let a(p) = p - 2. Give a(k).
-2
Let o(t) = -t**3 - 8*t**2 - 5*t + 4. Let j(x) = -x - 13. Suppose 3*n + 6*n + 54 = 0. Let r be j(n). Determine o(r).
-10
Let u(g) = -g - 2. Let d(i) = -i**2 - 6*i + 2. Let l be d(-6). Suppose 0 = 4*s - l*s. Determine u(s).
-2
Let o(t) be the second derivative of -5*t**4/12 - t**2 + 294*t. Calculate o(-2).
-22
Suppose -29*x - 44 = -51*x. Let m(p) be the first derivative of -p**3 + 1/4*p**4 + 5*p - 7/2*p**x + 1. Calculate m(4).
-7
Suppose 0 = -2*v + g + 12, v = 4*v - 4*g - 28. Suppose -v*s + 9 = m, -s + 4*m + 3 = -4*s. Let b(n) = -2*n**3 + 2*n**2 + 4*n - 2. Give b(s).
-26
Let v(n) = n**3 - 3*n**2 - n + 3. Let t = -25 - -43. Let d be t/(6/(-15)*-5). Suppose -4*o + o + d = 0. Give v(o).
0
Let t(x) = -3*x - 8. Let b be t(-5). Suppose 11*v - 20 = b*v. Let f(n) = n - 3. Determine f(v).
2
Let b = -2 + 2. Let c(n) = -2 + 3*n**2 + b*n - 2*n**2 + 2*n. Suppose 20 = t - 6*t. Calculate c(t).
6
Let i(j) = 5*j**3 + 5*j + 7. Let b(d) = 4*d**3 + 3*d**2 + 4*d + 8. Let p(l) = 4*b(l) - 3*i(l). What is p(-12)?
-1
Let c(a) = -a + 0*a**2 - a**2 + 1 + 2*a. Let t(m) = m + 10. Let j be t(-6). Suppose -2*p + 18 = j*q, -2*p = -5*q + p + 6. What is c(q)?
-5
Let s(g) be the second derivative of -g**5/20 - 4*g**4/3 - g**3/6 - 19*g**2/2 - 75*g - 2. What is s(-16)?
-3
Suppose -11 = 4*m - v, 0 = 2*m + 2*m + v + 13. Let o(x) = 13*x**2 - 3*x + 3. Let z(i) = -4*i**2 + i. Let a(b) = -o(b) - 3*z(b). Calculate a(m).
-12
Let s be (-2)/(-6) + 1 + (-5)/(-3). Let c(l) = 7*l - 2*l - s - l. Give c(3).
9
Let m(t) = 74*t - 37*t - 36*t - 3 - 8*t**2 + 2. Give m(-1).
-10
Let k be -4 - (-2 - (-4)/4). Let b be (3 - -1) + k + 3. Let z(q) = q**2 - 7*q + 4. Calculate z(b).
-8
Suppose -3*q - 27 = -6*q. Suppose q*f = 10*f - 6. Let t(z) = f*z + 2*z**2 - z**2 + 10 - 2. Determine t(-6).
8
Let v be -10 + 0 + -1 + 1. Let h = v + 11. Let n(b) be the second derivative of 3*b**5/4 - b**4/6 + b**2/2 - b. Determine n(h).
14
Let g = -45 - -73. Let w = g + -34. Let y(d) be the second derivative of -d**3/6 - d**2 + d. Give y(w).
4
Let r be 1/4 + (-31)/(-4). Suppose 5*x + 3*k = r*k + 10, -3*k - 9 = 0. Let s(j) = -9*j + 1. Let g(n) = n - 1. Let c(v) = -2*g(v) - s(v). What is c(x)?
-6
Let x(t) = t**3. Let a(l) be the third derivative of l**5/20 - 7*l**4/12 - 5*l**3/6 - 11*l**2. Let c be a(5). Give x(c).
0
Let b(m) be the first derivative of m**4/2 - 2*m**3/3 + m**2 - m - 1. Let f(v) = v**2 - 79*v + 1. Let j be f(0). Calculate b(j).
1
Let b(r) = -2*r - 16. Let s be b(-10). Let h(k) = 14*k - 4*k - 2 - s*k - 2*k. Calculate h(2).
6
Suppose 0 = t + 5*f - 3*f + 2, -15 = 4*t + f. Let g(n) = -n**2 + 8. Let h be g(t). Let v(y) = -y**3 - 8*y**2 + y + 1. Give v(h).
-7
Let l(u) be the second derivative of u**5/20 - 5*u**4/6 + u**3/